{"id":122,"date":"2023-04-03T13:00:05","date_gmt":"2023-04-03T12:00:05","guid":{"rendered":"https:\/\/journaldansepassion.com\/?page_id=122"},"modified":"2023-04-03T13:36:52","modified_gmt":"2023-04-03T12:36:52","slug":"a-propos","status":"publish","type":"page","link":"https:\/\/journaldansepassion.com\/?page_id=122","title":{"rendered":"A propos"},"content":{"rendered":"<style>\/*! elementor - v3.12.0 - 29-03-2023 *\/<br \/>\n.elementor-heading-title{padding:0;margin:0;line-height:1}.elementor-widget-heading .elementor-heading-title[class*=elementor-size-]>a{color:inherit;font-size:inherit;line-height:inherit}.elementor-widget-heading .elementor-heading-title.elementor-size-small{font-size:15px}.elementor-widget-heading .elementor-heading-title.elementor-size-medium{font-size:19px}.elementor-widget-heading .elementor-heading-title.elementor-size-large{font-size:29px}.elementor-widget-heading .elementor-heading-title.elementor-size-xl{font-size:39px}.elementor-widget-heading .elementor-heading-title.elementor-size-xxl{font-size:59px}<\/style>\n<h2>A propos<\/h2>\n<p>Bienvenue sur notre journal d\u00e9di\u00e9 \u00e0 la danse ! Nous sommes passionn\u00e9s par cet art et souhaitons partager avec vous nos d\u00e9couvertes sur les \u00e9coles de danse les plus talentueuses et les plus innovantes.<\/p>\n<p>Que vous soyez un danseur confirm\u00e9 ou simplement curieux de d\u00e9couvrir ce monde fascinant, vous trouverez sur notre site des articles d\u00e9taill\u00e9s sur les \u00e9coles de danse les plus en vogue. Nous vous offrons une vision compl\u00e8te de leur histoire, de leur p\u00e9dagogie et de leur philosophie.<\/p>\n<p>Notre \u00e9quipe de journalistes passionn\u00e9s par la danse est \u00e0 l&#8217;aff\u00fbt des derni\u00e8res tendances et des \u00e9coles de danse les plus innovantes. Nous interviewons r\u00e9guli\u00e8rement les directeurs de ces \u00e9tablissements pour vous offrir des articles objectifs et d\u00e9taill\u00e9s sur leur fonctionnement.<\/p>\n<p>Nous sommes convaincus que la danse est un art accessible \u00e0 tous et nous esp\u00e9rons vous donner envie de d\u00e9couvrir les \u00e9coles de danse les plus talentueuses. Nous esp\u00e9rons \u00e9galement que notre journal sera une source d&#8217;inspiration pour tous les danseurs, qu&#8217;ils soient amateurs ou professionnels.<\/p>\n<p><b>Bonne lecture et bonnes d\u00e9couvertes !<\/b><\/p>\n","protected":false},"excerpt":{"rendered":"<p>A propos Bienvenue sur notre journal d\u00e9di\u00e9 \u00e0 la danse ! Nous sommes passionn\u00e9s par cet art et souhaitons partager avec vous nos d\u00e9couvertes sur les \u00e9coles de danse les plus talentueuses et les plus innovantes. Que vous soyez un danseur confirm\u00e9 ou simplement curieux de d\u00e9couvrir ce monde fascinant, vous trouverez sur notre site [&hellip;]<\/p>\n","protected":false},"author":1,"featured_media":0,"parent":0,"menu_order":0,"comment_status":"closed","ping_status":"closed","template":"","meta":{"footnotes":""},"class_list":["post-122","page","type-page","status-publish","hentry"],"_links":{"self":[{"href":"https:\/\/journaldansepassion.com\/index.php?rest_route=\/wp\/v2\/pages\/122","targetHints":{"allow":["GET"]}}],"collection":[{"href":"https:\/\/journaldansepassion.com\/index.php?rest_route=\/wp\/v2\/pages"}],"about":[{"href":"https:\/\/journaldansepassion.com\/index.php?rest_route=\/wp\/v2\/types\/page"}],"author":[{"embeddable":true,"href":"https:\/\/journaldansepassion.com\/index.php?rest_route=\/wp\/v2\/users\/1"}],"replies":[{"embeddable":true,"href":"https:\/\/journaldansepassion.com\/index.php?rest_route=%2Fwp%2Fv2%2Fcomments&post=122"}],"version-history":[{"count":14,"href":"https:\/\/journaldansepassion.com\/index.php?rest_route=\/wp\/v2\/pages\/122\/revisions"}],"predecessor-version":[{"id":145,"href":"https:\/\/journaldansepassion.com\/index.php?rest_route=\/wp\/v2\/pages\/122\/revisions\/145"}],"wp:attachment":[{"href":"https:\/\/journaldansepassion.com\/index.php?rest_route=%2Fwp%2Fv2%2Fmedia&parent=122"}],"curies":[{"name":"wp","href":"https:\/\/api.w.org\/{rel}","templated":true}]}}