{"id":8,"date":"2023-03-31T13:37:05","date_gmt":"2023-03-31T12:37:05","guid":{"rendered":"https:\/\/journaldansepassion.com\/?page_id=8"},"modified":"2023-05-09T10:06:31","modified_gmt":"2023-05-09T09:06:31","slug":"page-principale","status":"publish","type":"page","link":"https:\/\/journaldansepassion.com\/","title":{"rendered":"page principale"},"content":{"rendered":"\t\t<div data-elementor-type=\"wp-post\" data-elementor-id=\"8\" class=\"elementor elementor-8\">\n\t\t\t\t\t\t\t\t\t<section class=\"elementor-section elementor-top-section elementor-element elementor-element-f849e2c elementor-section-boxed elementor-section-height-default elementor-section-height-default\" data-id=\"f849e2c\" data-element_type=\"section\">\n\t\t\t\t\t\t<div class=\"elementor-container elementor-column-gap-default\">\n\t\t\t\t\t<div class=\"elementor-column elementor-col-50 elementor-top-column elementor-element elementor-element-16fed6a\" data-id=\"16fed6a\" data-element_type=\"column\">\n\t\t\t<div class=\"elementor-widget-wrap elementor-element-populated\">\n\t\t\t\t\t\t\t\t<div class=\"elementor-element elementor-element-2e22552 elementor-widget elementor-widget-heading\" data-id=\"2e22552\" data-element_type=\"widget\" data-widget_type=\"heading.default\">\n\t\t\t\t<div class=\"elementor-widget-container\">\n\t\t\t<style>\/*! elementor - v3.12.0 - 29-03-2023 *\/\n.elementor-heading-title{padding:0;margin:0;line-height:1}.elementor-widget-heading .elementor-heading-title[class*=elementor-size-]>a{color:inherit;font-size:inherit;line-height:inherit}.elementor-widget-heading .elementor-heading-title.elementor-size-small{font-size:15px}.elementor-widget-heading .elementor-heading-title.elementor-size-medium{font-size:19px}.elementor-widget-heading .elementor-heading-title.elementor-size-large{font-size:29px}.elementor-widget-heading .elementor-heading-title.elementor-size-xl{font-size:39px}.elementor-widget-heading .elementor-heading-title.elementor-size-xxl{font-size:59px}<\/style><h1 class=\"elementor-heading-title elementor-size-xxl\">Le journal de la danse<\/h1>\t\t<\/div>\n\t\t\t\t<\/div>\n\t\t\t\t<div class=\"elementor-element elementor-element-4c73718 elementor-widget elementor-widget-spacer\" data-id=\"4c73718\" data-element_type=\"widget\" data-widget_type=\"spacer.default\">\n\t\t\t\t<div class=\"elementor-widget-container\">\n\t\t\t<style>\/*! elementor - v3.12.0 - 29-03-2023 *\/\n.elementor-column .elementor-spacer-inner{height:var(--spacer-size)}.e-con{--container-widget-width:100%}.e-con-inner>.elementor-widget-spacer,.e-con>.elementor-widget-spacer{width:var(--container-widget-width,var(--spacer-size));--align-self:var(--container-widget-align-self,initial);--flex-shrink:0}.e-con-inner>.elementor-widget-spacer>.elementor-widget-container,.e-con-inner>.elementor-widget-spacer>.elementor-widget-container>.elementor-spacer,.e-con>.elementor-widget-spacer>.elementor-widget-container,.e-con>.elementor-widget-spacer>.elementor-widget-container>.elementor-spacer{height:100%}.e-con-inner>.elementor-widget-spacer>.elementor-widget-container>.elementor-spacer>.elementor-spacer-inner,.e-con>.elementor-widget-spacer>.elementor-widget-container>.elementor-spacer>.elementor-spacer-inner{height:var(--container-widget-height,var(--spacer-size))}<\/style>\t\t<div class=\"elementor-spacer\">\n\t\t\t<div class=\"elementor-spacer-inner\"><\/div>\n\t\t<\/div>\n\t\t\t\t<\/div>\n\t\t\t\t<\/div>\n\t\t\t\t<div class=\"elementor-element elementor-element-e848101 elementor-widget elementor-widget-heading\" data-id=\"e848101\" data-element_type=\"widget\" data-widget_type=\"heading.default\">\n\t\t\t\t<div class=\"elementor-widget-container\">\n\t\t\t<h2 class=\"elementor-heading-title elementor-size-default\">Nous r\u00e9digeons des articles sur vos \u00e9coles de danse <b>pr\u00e9f\u00e9r\u00e9es<\/b><\/h2>\t\t<\/div>\n\t\t\t\t<\/div>\n\t\t\t\t\t<\/div>\n\t\t<\/div>\n\t\t\t\t<div class=\"elementor-column elementor-col-50 elementor-top-column elementor-element elementor-element-14db2df\" data-id=\"14db2df\" data-element_type=\"column\">\n\t\t\t<div class=\"elementor-widget-wrap elementor-element-populated\">\n\t\t\t\t\t\t\t\t<div class=\"elementor-element elementor-element-f21a5f4 elementor-widget elementor-widget-image\" data-id=\"f21a5f4\" data-element_type=\"widget\" data-widget_type=\"image.default\">\n\t\t\t\t<div class=\"elementor-widget-container\">\n\t\t\t<style>\/*! elementor - v3.12.0 - 29-03-2023 *\/\n.elementor-widget-image{text-align:center}.elementor-widget-image a{display:inline-block}.elementor-widget-image a img[src$=\".svg\"]{width:48px}.elementor-widget-image img{vertical-align:middle;display:inline-block}<\/style>\t\t\t\t\t\t\t\t\t\t\t\t<img loading=\"lazy\" decoding=\"async\" width=\"800\" height=\"800\" src=\"https:\/\/journaldansepassion.com\/wp-content\/uploads\/2023\/03\/Peinture-de-2-danseurs-de-salsa.png\" class=\"attachment-large size-large wp-image-10\" alt=\"Peinture de 2 danseurs de salsa\" srcset=\"https:\/\/journaldansepassion.com\/wp-content\/uploads\/2023\/03\/Peinture-de-2-danseurs-de-salsa.png 1024w, https:\/\/journaldansepassion.com\/wp-content\/uploads\/2023\/03\/Peinture-de-2-danseurs-de-salsa-300x300.png 300w, https:\/\/journaldansepassion.com\/wp-content\/uploads\/2023\/03\/Peinture-de-2-danseurs-de-salsa-150x150.png 150w, https:\/\/journaldansepassion.com\/wp-content\/uploads\/2023\/03\/Peinture-de-2-danseurs-de-salsa-768x768.png 768w\" sizes=\"auto, (max-width: 800px) 100vw, 800px\" \/>\t\t\t\t\t\t\t\t\t\t\t\t\t\t\t<\/div>\n\t\t\t\t<\/div>\n\t\t\t\t\t<\/div>\n\t\t<\/div>\n\t\t\t\t\t\t\t<\/div>\n\t\t<\/section>\n\t\t\t\t<section class=\"elementor-section elementor-top-section elementor-element elementor-element-d7790c4 elementor-section-boxed elementor-section-height-default elementor-section-height-default\" data-id=\"d7790c4\" data-element_type=\"section\">\n\t\t\t\t\t\t<div class=\"elementor-container elementor-column-gap-default\">\n\t\t\t\t\t<div class=\"elementor-column elementor-col-100 elementor-top-column elementor-element elementor-element-46fb958\" data-id=\"46fb958\" data-element_type=\"column\">\n\t\t\t<div class=\"elementor-widget-wrap elementor-element-populated\">\n\t\t\t\t\t\t\t\t<div class=\"elementor-element elementor-element-f208cbf elementor-widget elementor-widget-heading\" data-id=\"f208cbf\" data-element_type=\"widget\" data-widget_type=\"heading.default\">\n\t\t\t\t<div class=\"elementor-widget-container\">\n\t\t\t<h2 class=\"elementor-heading-title elementor-size-default\">Nos articles<\/h2>\t\t<\/div>\n\t\t\t\t<\/div>\n\t\t\t\t\t<\/div>\n\t\t<\/div>\n\t\t\t\t\t\t\t<\/div>\n\t\t<\/section>\n\t\t\t\t<section class=\"elementor-section elementor-top-section elementor-element elementor-element-b99610c elementor-section-boxed elementor-section-height-default elementor-section-height-default\" data-id=\"b99610c\" data-element_type=\"section\">\n\t\t\t\t\t\t<div class=\"elementor-container elementor-column-gap-default\">\n\t\t\t\t\t<div class=\"elementor-column elementor-col-100 elementor-top-column elementor-element elementor-element-1a79e7a\" data-id=\"1a79e7a\" data-element_type=\"column\">\n\t\t\t<div class=\"elementor-widget-wrap elementor-element-populated\">\n\t\t\t\t\t\t\t\t<div class=\"elementor-element elementor-element-dfcabec elementor-widget elementor-widget-image\" data-id=\"dfcabec\" data-element_type=\"widget\" data-widget_type=\"image.default\">\n\t\t\t\t<div class=\"elementor-widget-container\">\n\t\t\t\t\t\t\t\t\t\t\t\t\t\t\t\t<a href=\"https:\/\/journaldansepassion.com\/?page_id=12\">\n\t\t\t\t\t\t\t<img loading=\"lazy\" decoding=\"async\" width=\"557\" height=\"325\" src=\"https:\/\/journaldansepassion.com\/wp-content\/uploads\/2023\/03\/img-home-urban-2.png\" class=\"attachment-large size-large wp-image-14\" alt=\"Logo \u00e9cole de danse Urban team\" srcset=\"https:\/\/journaldansepassion.com\/wp-content\/uploads\/2023\/03\/img-home-urban-2.png 557w, https:\/\/journaldansepassion.com\/wp-content\/uploads\/2023\/03\/img-home-urban-2-300x175.png 300w\" sizes=\"auto, (max-width: 557px) 100vw, 557px\" \/>\t\t\t\t\t\t\t\t<\/a>\n\t\t\t\t\t\t\t\t\t\t\t\t\t\t\t<\/div>\n\t\t\t\t<\/div>\n\t\t\t\t\t<\/div>\n\t\t<\/div>\n\t\t\t\t\t\t\t<\/div>\n\t\t<\/section>\n\t\t\t\t<section class=\"elementor-section elementor-top-section elementor-element elementor-element-0dece07 elementor-section-boxed elementor-section-height-default elementor-section-height-default\" data-id=\"0dece07\" data-element_type=\"section\">\n\t\t\t\t\t\t<div class=\"elementor-container elementor-column-gap-default\">\n\t\t\t\t\t<div class=\"elementor-column elementor-col-100 elementor-top-column elementor-element elementor-element-11d9964\" data-id=\"11d9964\" data-element_type=\"column\">\n\t\t\t<div class=\"elementor-widget-wrap elementor-element-populated\">\n\t\t\t\t\t\t\t\t<div class=\"elementor-element elementor-element-714ea81 elementor-widget elementor-widget-image\" data-id=\"714ea81\" data-element_type=\"widget\" data-widget_type=\"image.default\">\n\t\t\t\t<div class=\"elementor-widget-container\">\n\t\t\t\t\t\t\t\t\t\t\t\t\t\t\t\t<a href=\"https:\/\/journaldansepassion.com\/?p=38\">\n\t\t\t\t\t\t\t<img loading=\"lazy\" decoding=\"async\" width=\"300\" height=\"268\" src=\"https:\/\/journaldansepassion.com\/wp-content\/uploads\/2023\/03\/Danceflorr-Logo-300x268.png\" class=\"attachment-medium size-medium wp-image-43\" alt=\"Logo \u00e9cole de danse Dancefloor\" srcset=\"https:\/\/journaldansepassion.com\/wp-content\/uploads\/2023\/03\/Danceflorr-Logo-300x268.png 300w, https:\/\/journaldansepassion.com\/wp-content\/uploads\/2023\/03\/Danceflorr-Logo-768x685.png 768w, https:\/\/journaldansepassion.com\/wp-content\/uploads\/2023\/03\/Danceflorr-Logo.png 928w\" sizes=\"auto, (max-width: 300px) 100vw, 300px\" \/>\t\t\t\t\t\t\t\t<\/a>\n\t\t\t\t\t\t\t\t\t\t\t\t\t\t\t<\/div>\n\t\t\t\t<\/div>\n\t\t\t\t\t<\/div>\n\t\t<\/div>\n\t\t\t\t\t\t\t<\/div>\n\t\t<\/section>\n\t\t\t\t<section class=\"elementor-section elementor-top-section elementor-element elementor-element-5600986 elementor-section-boxed elementor-section-height-default elementor-section-height-default\" data-id=\"5600986\" data-element_type=\"section\">\n\t\t\t\t\t\t<div class=\"elementor-container elementor-column-gap-default\">\n\t\t\t\t\t<div class=\"elementor-column elementor-col-100 elementor-top-column elementor-element elementor-element-2e12027\" data-id=\"2e12027\" data-element_type=\"column\">\n\t\t\t<div class=\"elementor-widget-wrap elementor-element-populated\">\n\t\t\t\t\t\t\t\t<div class=\"elementor-element elementor-element-7d71572 elementor-widget elementor-widget-image\" data-id=\"7d71572\" data-element_type=\"widget\" data-widget_type=\"image.default\">\n\t\t\t\t<div class=\"elementor-widget-container\">\n\t\t\t\t\t\t\t\t\t\t\t\t\t\t\t\t<a href=\"https:\/\/journaldansepassion.com\/?p=167\">\n\t\t\t\t\t\t\t<img loading=\"lazy\" decoding=\"async\" width=\"800\" height=\"411\" src=\"https:\/\/journaldansepassion.com\/wp-content\/uploads\/2023\/04\/l-l-01.jpg\" class=\"attachment-large size-large wp-image-169\" alt=\"\" srcset=\"https:\/\/journaldansepassion.com\/wp-content\/uploads\/2023\/04\/l-l-01.jpg 836w, https:\/\/journaldansepassion.com\/wp-content\/uploads\/2023\/04\/l-l-01-300x154.jpg 300w, https:\/\/journaldansepassion.com\/wp-content\/uploads\/2023\/04\/l-l-01-768x395.jpg 768w\" sizes=\"auto, (max-width: 800px) 100vw, 800px\" \/>\t\t\t\t\t\t\t\t<\/a>\n\t\t\t\t\t\t\t\t\t\t\t\t\t\t\t<\/div>\n\t\t\t\t<\/div>\n\t\t\t\t\t<\/div>\n\t\t<\/div>\n\t\t\t\t\t\t\t<\/div>\n\t\t<\/section>\n\t\t\t\t<section class=\"elementor-section elementor-top-section elementor-element elementor-element-46428dc elementor-section-boxed elementor-section-height-default elementor-section-height-default\" data-id=\"46428dc\" data-element_type=\"section\">\n\t\t\t\t\t\t<div class=\"elementor-container elementor-column-gap-default\">\n\t\t\t\t\t<div class=\"elementor-column elementor-col-100 elementor-top-column elementor-element elementor-element-69cc45e\" data-id=\"69cc45e\" data-element_type=\"column\">\n\t\t\t<div class=\"elementor-widget-wrap elementor-element-populated\">\n\t\t\t\t\t\t\t\t<div class=\"elementor-element elementor-element-3914390 elementor-widget elementor-widget-image\" data-id=\"3914390\" data-element_type=\"widget\" data-widget_type=\"image.default\">\n\t\t\t\t<div class=\"elementor-widget-container\">\n\t\t\t\t\t\t\t\t\t\t\t\t\t\t\t\t<a href=\"https:\/\/journaldansepassion.com\/?p=154\">\n\t\t\t\t\t\t\t<img loading=\"lazy\" decoding=\"async\" width=\"800\" height=\"800\" src=\"https:\/\/journaldansepassion.com\/wp-content\/uploads\/2023\/04\/logo-SDB-CMYK.png\" class=\"attachment-large size-large wp-image-159\" alt=\"\" srcset=\"https:\/\/journaldansepassion.com\/wp-content\/uploads\/2023\/04\/logo-SDB-CMYK.png 842w, https:\/\/journaldansepassion.com\/wp-content\/uploads\/2023\/04\/logo-SDB-CMYK-300x300.png 300w, https:\/\/journaldansepassion.com\/wp-content\/uploads\/2023\/04\/logo-SDB-CMYK-150x150.png 150w, https:\/\/journaldansepassion.com\/wp-content\/uploads\/2023\/04\/logo-SDB-CMYK-768x768.png 768w\" sizes=\"auto, (max-width: 800px) 100vw, 800px\" \/>\t\t\t\t\t\t\t\t<\/a>\n\t\t\t\t\t\t\t\t\t\t\t\t\t\t\t<\/div>\n\t\t\t\t<\/div>\n\t\t\t\t<div class=\"elementor-element elementor-element-ba9acde elementor-widget elementor-widget-image\" data-id=\"ba9acde\" data-element_type=\"widget\" data-widget_type=\"image.default\">\n\t\t\t\t<div class=\"elementor-widget-container\">\n\t\t\t\t\t\t\t\t\t\t\t\t\t\t\t\t<a href=\"https:\/\/journaldansepassion.com\/?p=148\">\n\t\t\t\t\t\t\t<img loading=\"lazy\" decoding=\"async\" width=\"225\" height=\"225\" src=\"https:\/\/journaldansepassion.com\/wp-content\/uploads\/2023\/04\/Sans-titre.jpg\" class=\"attachment-large size-large wp-image-150\" alt=\"\" srcset=\"https:\/\/journaldansepassion.com\/wp-content\/uploads\/2023\/04\/Sans-titre.jpg 225w, https:\/\/journaldansepassion.com\/wp-content\/uploads\/2023\/04\/Sans-titre-150x150.jpg 150w\" sizes=\"auto, (max-width: 225px) 100vw, 225px\" \/>\t\t\t\t\t\t\t\t<\/a>\n\t\t\t\t\t\t\t\t\t\t\t\t\t\t\t<\/div>\n\t\t\t\t<\/div>\n\t\t\t\t\t<\/div>\n\t\t<\/div>\n\t\t\t\t\t\t\t<\/div>\n\t\t<\/section>\n\t\t\t\t<section class=\"elementor-section elementor-top-section elementor-element elementor-element-d84b5b8 elementor-section-boxed elementor-section-height-default elementor-section-height-default\" data-id=\"d84b5b8\" data-element_type=\"section\">\n\t\t\t\t\t\t<div class=\"elementor-container elementor-column-gap-default\">\n\t\t\t\t\t<div class=\"elementor-column elementor-col-100 elementor-top-column elementor-element elementor-element-55db3a1\" data-id=\"55db3a1\" data-element_type=\"column\">\n\t\t\t<div class=\"elementor-widget-wrap elementor-element-populated\">\n\t\t\t\t\t\t\t\t<div class=\"elementor-element elementor-element-d8155a2 elementor-widget elementor-widget-image\" data-id=\"d8155a2\" data-element_type=\"widget\" data-widget_type=\"image.default\">\n\t\t\t\t<div class=\"elementor-widget-container\">\n\t\t\t\t\t\t\t\t\t\t\t\t\t\t\t\t<a href=\"https:\/\/journaldansepassion.com\/?p=217\">\n\t\t\t\t\t\t\t<img loading=\"lazy\" decoding=\"async\" width=\"210\" height=\"300\" src=\"https:\/\/journaldansepassion.com\/wp-content\/uploads\/2023\/05\/affiche_spectacle_neptune_2023_-210x300.jpg\" class=\"attachment-medium size-medium wp-image-219\" alt=\"\" srcset=\"https:\/\/journaldansepassion.com\/wp-content\/uploads\/2023\/05\/affiche_spectacle_neptune_2023_-210x300.jpg 210w, https:\/\/journaldansepassion.com\/wp-content\/uploads\/2023\/05\/affiche_spectacle_neptune_2023_-718x1024.jpg 718w, https:\/\/journaldansepassion.com\/wp-content\/uploads\/2023\/05\/affiche_spectacle_neptune_2023_-768x1096.jpg 768w, https:\/\/journaldansepassion.com\/wp-content\/uploads\/2023\/05\/affiche_spectacle_neptune_2023_-1077x1536.jpg 1077w, https:\/\/journaldansepassion.com\/wp-content\/uploads\/2023\/05\/affiche_spectacle_neptune_2023_-1435x2048.jpg 1435w, https:\/\/journaldansepassion.com\/wp-content\/uploads\/2023\/05\/affiche_spectacle_neptune_2023_.jpg 1654w\" sizes=\"auto, (max-width: 210px) 100vw, 210px\" \/>\t\t\t\t\t\t\t\t<\/a>\n\t\t\t\t\t\t\t\t\t\t\t\t\t\t\t<\/div>\n\t\t\t\t<\/div>\n\t\t\t\t\t<\/div>\n\t\t<\/div>\n\t\t\t\t\t\t\t<\/div>\n\t\t<\/section>\n\t\t\t\t\t\t\t<\/div>\n\t\t","protected":false},"excerpt":{"rendered":"<p>Le journal de la danse Nous r\u00e9digeons des articles sur vos \u00e9coles de danse pr\u00e9f\u00e9r\u00e9es Nos articles<\/p>\n","protected":false},"author":1,"featured_media":0,"parent":0,"menu_order":0,"comment_status":"closed","ping_status":"closed","template":"elementor_header_footer","meta":{"footnotes":""},"class_list":["post-8","page","type-page","status-publish","hentry"],"_links":{"self":[{"href":"https:\/\/journaldansepassion.com\/index.php?rest_route=\/wp\/v2\/pages\/8","targetHints":{"allow":["GET"]}}],"collection":[{"href":"https:\/\/journaldansepassion.com\/index.php?rest_route=\/wp\/v2\/pages"}],"about":[{"href":"https:\/\/journaldansepassion.com\/index.php?rest_route=\/wp\/v2\/types\/page"}],"author":[{"embeddable":true,"href":"https:\/\/journaldansepassion.com\/index.php?rest_route=\/wp\/v2\/users\/1"}],"replies":[{"embeddable":true,"href":"https:\/\/journaldansepassion.com\/index.php?rest_route=%2Fwp%2Fv2%2Fcomments&post=8"}],"version-history":[{"count":49,"href":"https:\/\/journaldansepassion.com\/index.php?rest_route=\/wp\/v2\/pages\/8\/revisions"}],"predecessor-version":[{"id":232,"href":"https:\/\/journaldansepassion.com\/index.php?rest_route=\/wp\/v2\/pages\/8\/revisions\/232"}],"wp:attachment":[{"href":"https:\/\/journaldansepassion.com\/index.php?rest_route=%2Fwp%2Fv2%2Fmedia&parent=8"}],"curies":[{"name":"wp","href":"https:\/\/api.w.org\/{rel}","templated":true}]}}